CRAN Package Check Results for Package permGS

Last updated on 2025-05-19 07:49:55 CEST.

Flavor Version Tinstall Tcheck Ttotal Status Flags
r-devel-linux-x86_64-debian-clang 0.2.5 8.05 70.56 78.61 NOTE
r-devel-linux-x86_64-debian-gcc 0.2.5 5.77 51.33 57.10 NOTE
r-devel-linux-x86_64-fedora-clang 0.2.5 118.26 OK
r-devel-linux-x86_64-fedora-gcc 0.2.5 115.97 OK
r-devel-windows-x86_64 0.2.5 10.00 97.00 107.00 NOTE
r-patched-linux-x86_64 0.2.5 6.51 65.31 71.82 NOTE
r-release-linux-x86_64 0.2.5 6.91 65.40 72.31 NOTE
r-release-macos-arm64 0.2.5 39.00 OK
r-release-macos-x86_64 0.2.5 74.00 OK
r-release-windows-x86_64 0.2.5 10.00 86.00 96.00 NOTE
r-oldrel-macos-arm64 0.2.5 36.00 NOTE
r-oldrel-macos-x86_64 0.2.5 55.00 NOTE
r-oldrel-windows-x86_64 0.2.5 11.00 96.00 107.00 NOTE

Check Details

Version: 0.2.5
Check: Rd cross-references
Result: NOTE Found the following Rd file(s) with Rd \link{} targets missing package anchors: exactLR.Rd: coxph nextStage.Rd: coxph permHeinze.Rd: coxph permIPT.Rd: coxph permIPZ.Rd: coxph permLR.Rd: coxph Please provide package anchors for all Rd \link{} targets not in the package itself and the base packages. Flavors: r-devel-linux-x86_64-debian-clang, r-devel-linux-x86_64-debian-gcc, r-devel-windows-x86_64, r-patched-linux-x86_64, r-release-linux-x86_64, r-release-windows-x86_64

Version: 0.2.5
Check: LazyData
Result: NOTE 'LazyData' is specified without a 'data' directory Flavors: r-oldrel-macos-arm64, r-oldrel-macos-x86_64, r-oldrel-windows-x86_64