CRAN Package Check Results for Package phaseR

Last updated on 2025-05-19 19:50:50 CEST.

Flavor Version Tinstall Tcheck Ttotal Status Flags
r-devel-linux-x86_64-debian-clang 2.2.1 3.68 97.50 101.18 NOTE
r-devel-linux-x86_64-debian-gcc 2.2.1 2.75 66.18 68.93 NOTE
r-devel-linux-x86_64-fedora-clang 2.2.1 164.80 NOTE
r-devel-linux-x86_64-fedora-gcc 2.2.1 175.12 NOTE
r-devel-windows-x86_64 2.2.1 5.00 119.00 124.00 NOTE
r-patched-linux-x86_64 2.2.1 4.79 93.17 97.96 NOTE
r-release-linux-x86_64 2.2.1 3.30 94.66 97.96 NOTE
r-release-macos-arm64 2.2.1 46.00 NOTE
r-release-macos-x86_64 2.2.1 100.00 NOTE
r-release-windows-x86_64 2.2.1 6.00 124.00 130.00 NOTE
r-oldrel-macos-arm64 2.2.1 46.00 NOTE
r-oldrel-macos-x86_64 2.2.1 75.00 NOTE
r-oldrel-windows-x86_64 2.2.1 6.00 124.00 130.00 NOTE

Check Details

Version: 2.2.1
Check: CRAN incoming feasibility
Result: NOTE Maintainer: ‘Michael J Grayling <michael.grayling@newcastle.ac.uk>’ Package CITATION file contains call(s) to old-style citEntry(). Please use bibentry() instead. Flavors: r-devel-linux-x86_64-debian-clang, r-devel-linux-x86_64-debian-gcc

Version: 2.2.1
Check: Rd files
Result: NOTE checkRd: (-1) phasePlaneAnalysis.Rd:84: Lost braces; missing escapes or markup? 84 | identified {see (3) above}, if this point is a saddle then the manifolds are | ^ Flavors: r-devel-linux-x86_64-debian-clang, r-devel-linux-x86_64-debian-gcc, r-devel-linux-x86_64-fedora-clang, r-devel-linux-x86_64-fedora-gcc, r-devel-windows-x86_64, r-patched-linux-x86_64, r-release-linux-x86_64, r-release-macos-arm64, r-release-macos-x86_64, r-release-windows-x86_64, r-oldrel-macos-arm64, r-oldrel-macos-x86_64, r-oldrel-windows-x86_64

Version: 2.2.1
Check: Rd cross-references
Result: NOTE Found the following Rd file(s) with Rd \link{} targets missing package anchors: numericalSolution.Rd: ode Please provide package anchors for all Rd \link{} targets not in the package itself and the base packages. Flavors: r-devel-linux-x86_64-debian-clang, r-devel-linux-x86_64-debian-gcc, r-devel-windows-x86_64, r-patched-linux-x86_64, r-release-linux-x86_64, r-release-windows-x86_64