Last updated on 2025-05-19 19:50:50 CEST.
Flavor | Version | Tinstall | Tcheck | Ttotal | Status | Flags |
---|---|---|---|---|---|---|
r-devel-linux-x86_64-debian-clang | 1.0 | 5.87 | 52.28 | 58.15 | NOTE | |
r-devel-linux-x86_64-debian-gcc | 1.0 | 3.67 | 37.35 | 41.02 | NOTE | |
r-devel-linux-x86_64-fedora-clang | 1.0 | 89.48 | OK | |||
r-devel-linux-x86_64-fedora-gcc | 1.0 | 84.23 | OK | |||
r-devel-windows-x86_64 | 1.0 | 7.00 | 76.00 | 83.00 | NOTE | |
r-patched-linux-x86_64 | 1.0 | 4.84 | 48.17 | 53.01 | NOTE | |
r-release-linux-x86_64 | 1.0 | 5.29 | 48.53 | 53.82 | NOTE | |
r-release-macos-arm64 | 1.0 | 27.00 | OK | |||
r-release-macos-x86_64 | 1.0 | 47.00 | OK | |||
r-release-windows-x86_64 | 1.0 | 7.00 | 66.00 | 73.00 | NOTE | |
r-oldrel-macos-arm64 | 1.0 | 26.00 | OK | |||
r-oldrel-macos-x86_64 | 1.0 | 39.00 | OK | |||
r-oldrel-windows-x86_64 | 1.0 | 8.00 | 78.00 | 86.00 | OK |
Version: 1.0
Check: Rd cross-references
Result: NOTE
Found the following Rd file(s) with Rd \link{} targets missing package
anchors:
plte_builder.Rd: qi_builder
Please provide package anchors for all Rd \link{} targets not in the
package itself and the base packages.
Flavors: r-devel-linux-x86_64-debian-clang, r-devel-linux-x86_64-debian-gcc, r-devel-windows-x86_64, r-patched-linux-x86_64, r-release-linux-x86_64, r-release-windows-x86_64