Last updated on 2025-05-19 19:50:51 CEST.
Flavor | Version | Tinstall | Tcheck | Ttotal | Status | Flags |
---|---|---|---|---|---|---|
r-devel-linux-x86_64-debian-clang | 0.1.3 | 6.37 | 62.43 | 68.80 | NOTE | |
r-devel-linux-x86_64-debian-gcc | 0.1.3 | 4.93 | 46.46 | 51.39 | NOTE | |
r-devel-linux-x86_64-fedora-clang | 0.1.3 | 105.50 | OK | |||
r-devel-linux-x86_64-fedora-gcc | 0.1.3 | 101.61 | OK | |||
r-devel-windows-x86_64 | 0.1.3 | 8.00 | 92.00 | 100.00 | OK | |
r-patched-linux-x86_64 | 0.1.3 | 7.23 | 59.54 | 66.77 | OK | |
r-release-linux-x86_64 | 0.1.3 | 5.77 | 60.04 | 65.81 | OK | |
r-release-macos-arm64 | 0.1.3 | 36.00 | OK | |||
r-release-macos-x86_64 | 0.1.3 | 61.00 | OK | |||
r-release-windows-x86_64 | 0.1.3 | 9.00 | 96.00 | 105.00 | OK | |
r-oldrel-macos-arm64 | 0.1.3 | 34.00 | OK | |||
r-oldrel-macos-x86_64 | 0.1.3 | 48.00 | OK | |||
r-oldrel-windows-x86_64 | 0.1.3 | 11.00 | 99.00 | 110.00 | OK |
Version: 0.1.3
Check: CRAN incoming feasibility
Result: NOTE
Maintainer: ‘Weiliang Qiu <weiliang.qiu@gmail.com>’
No Authors@R field in DESCRIPTION.
Please add one, modifying
Authors@R: c(person(given = "Weiliang",
family = "Qiu",
role = c("aut", "cre"),
email = "weiliang.qiu@gmail.com"),
person(given = "Jorge",
family = "Chavarro",
role = "aut"),
person(given = "Ross",
family = "Lazarus",
role = "aut"),
person(given = "Bernard",
family = "Rosner",
role = "aut"),
person(given = "Jing",
family = "Ma.",
role = "aut"))
as necessary.
Flavors: r-devel-linux-x86_64-debian-clang, r-devel-linux-x86_64-debian-gcc