CRAN Package Check Results for Package powerjoin

Last updated on 2025-05-19 19:50:51 CEST.

Flavor Version Tinstall Tcheck Ttotal Status Flags
r-devel-linux-x86_64-debian-clang 0.1.0 5.55 49.51 55.06 NOTE
r-devel-linux-x86_64-debian-gcc 0.1.0 3.51 35.89 39.40 NOTE
r-devel-linux-x86_64-fedora-clang 0.1.0 84.26 NOTE
r-devel-linux-x86_64-fedora-gcc 0.1.0 79.91 NOTE
r-devel-windows-x86_64 0.1.0 7.00 67.00 74.00 NOTE
r-patched-linux-x86_64 0.1.0 5.87 45.73 51.60 NOTE
r-release-linux-x86_64 0.1.0 5.01 45.74 50.75 NOTE
r-release-macos-arm64 0.1.0 25.00 NOTE
r-release-macos-x86_64 0.1.0 50.00 NOTE
r-release-windows-x86_64 0.1.0 7.00 66.00 73.00 NOTE
r-oldrel-macos-arm64 0.1.0 25.00 NOTE
r-oldrel-macos-x86_64 0.1.0 39.00 NOTE
r-oldrel-windows-x86_64 0.1.0 8.00 74.00 82.00 NOTE

Check Details

Version: 0.1.0
Check: Rd files
Result: NOTE checkRd: (-1) coalesce_xy.Rd:22: Lost braces; missing escapes or markup? 22 | the \code{conflict} argument of {powerjoin}'s join functions. \code{coalesce_xy()} is | ^ checkRd: (-1) power_left_join.Rd:67: Lost braces; missing escapes or markup? 67 | \item{by}{As in {dplyr}, but extended so user can supply a formula or a list | ^ checkRd: (-1) power_left_join.Rd:79: Lost braces; missing escapes or markup? 79 | \item{keep}{A boolean for compatibility with {dplyr}, or a value among "left", | ^ checkRd: (-1) preprocess_inputs.Rd:37: Lost braces; missing escapes or markup? 37 | only be used in the \code{x} and \code{y} arguments of {powerjoin} join functions. No | ^ Flavors: r-devel-linux-x86_64-debian-clang, r-devel-linux-x86_64-debian-gcc, r-devel-linux-x86_64-fedora-clang, r-devel-linux-x86_64-fedora-gcc, r-devel-windows-x86_64, r-patched-linux-x86_64, r-release-linux-x86_64, r-release-macos-arm64, r-release-macos-x86_64, r-release-windows-x86_64, r-oldrel-macos-arm64, r-oldrel-macos-x86_64, r-oldrel-windows-x86_64