Last updated on 2025-05-19 19:50:51 CEST.
Flavor | Version | Tinstall | Tcheck | Ttotal | Status | Flags |
---|---|---|---|---|---|---|
r-devel-linux-x86_64-debian-clang | 0.3-21 | 166.74 | 92.54 | 259.28 | NOTE | |
r-devel-linux-x86_64-debian-gcc | 0.3-21 | 113.91 | 65.17 | 179.08 | NOTE | |
r-devel-linux-x86_64-fedora-clang | 0.3-21 | 538.36 | OK | |||
r-devel-linux-x86_64-fedora-gcc | 0.3-21 | 515.01 | OK | |||
r-devel-windows-x86_64 | 0.3-21 | 205.00 | 127.00 | 332.00 | OK | |
r-patched-linux-x86_64 | 0.3-21 | 160.28 | 86.86 | 247.14 | OK | |
r-release-linux-x86_64 | 0.3-21 | 158.00 | 87.59 | 245.59 | OK | |
r-release-macos-arm64 | 0.3-21 | 96.00 | OK | |||
r-release-macos-x86_64 | 0.3-21 | 135.00 | OK | |||
r-release-windows-x86_64 | 0.3-21 | 191.00 | 129.00 | 320.00 | OK | |
r-oldrel-macos-arm64 | 0.3-21 | 105.00 | NOTE | |||
r-oldrel-macos-x86_64 | 0.3-21 | 116.00 | NOTE | |||
r-oldrel-windows-x86_64 | 0.3-21 | 237.00 | 147.00 | 384.00 | OK |
Version: 0.3-21
Check: CRAN incoming feasibility
Result: NOTE
Maintainer: ‘Ben Ingram <ingrambr.work@gmail.com>’
No Authors@R field in DESCRIPTION.
Please add one, modifying
Authors@R: c(person(given = "Ben",
family = "Ingram",
role = c("aut", "cre"),
email = "ingrambr.work@gmail.com"),
person(given = "Remi",
family = "Barillec",
role = "aut",
email = "remi@igiltd.com"),
person(given = c("Jon", "Olav"),
family = "Skoien",
role = "aut",
email = "jon.skoien@gmail.com"))
as necessary.
Flavors: r-devel-linux-x86_64-debian-clang, r-devel-linux-x86_64-debian-gcc
Version: 0.3-21
Check: installed package size
Result: NOTE
installed size is 7.4Mb
sub-directories of 1Mb or more:
libs 7.3Mb
Flavors: r-oldrel-macos-arm64, r-oldrel-macos-x86_64