Last updated on 2025-05-19 19:50:52 CEST.
Flavor | Version | Tinstall | Tcheck | Ttotal | Status | Flags |
---|---|---|---|---|---|---|
r-devel-linux-x86_64-debian-clang | 1.0 | 24.21 | 29.46 | 53.67 | OK | |
r-devel-linux-x86_64-debian-gcc | 1.0 | 16.44 | 23.39 | 39.83 | OK | |
r-devel-linux-x86_64-fedora-clang | 1.0 | 103.82 | OK | |||
r-devel-linux-x86_64-fedora-gcc | 1.0 | 101.76 | OK | |||
r-devel-windows-x86_64 | 1.0 | 30.00 | 73.00 | 103.00 | OK | |
r-patched-linux-x86_64 | 1.0 | 25.42 | 28.25 | 53.67 | OK | |
r-release-linux-x86_64 | 1.0 | 25.67 | 28.51 | 54.18 | OK | |
r-release-macos-arm64 | 1.0 | 32.00 | OK | |||
r-release-macos-x86_64 | 1.0 | 39.00 | OK | |||
r-release-windows-x86_64 | 1.0 | 31.00 | 76.00 | 107.00 | OK | |
r-oldrel-macos-arm64 | 1.0 | 30.00 | NOTE | |||
r-oldrel-macos-x86_64 | 1.0 | 36.00 | NOTE | |||
r-oldrel-windows-x86_64 | 1.0 | 36.00 | 77.00 | 113.00 | NOTE |
Version: 1.0
Check: LazyData
Result: NOTE
'LazyData' is specified without a 'data' directory
Flavors: r-oldrel-macos-arm64, r-oldrel-macos-x86_64, r-oldrel-windows-x86_64