Last updated on 2025-05-19 19:50:52 CEST.
Flavor | Version | Tinstall | Tcheck | Ttotal | Status | Flags |
---|---|---|---|---|---|---|
r-devel-linux-x86_64-debian-clang | 0.0.3 | 47.44 | 43.91 | 91.35 | NOTE | |
r-devel-linux-x86_64-debian-gcc | 0.0.3 | 41.12 | 36.23 | 77.35 | NOTE | |
r-devel-linux-x86_64-fedora-clang | 0.0.3 | 169.83 | OK | |||
r-devel-linux-x86_64-fedora-gcc | 0.0.3 | 204.46 | OK | |||
r-devel-windows-x86_64 | 0.0.3 | 61.00 | 84.00 | 145.00 | OK | |
r-patched-linux-x86_64 | 0.0.3 | 59.91 | 44.13 | 104.04 | OK | |
r-release-linux-x86_64 | 0.0.3 | 58.28 | 44.87 | 103.15 | OK | |
r-release-macos-arm64 | 0.0.3 | 48.00 | OK | |||
r-release-macos-x86_64 | 0.0.3 | 68.00 | OK | |||
r-release-windows-x86_64 | 0.0.3 | 65.00 | 81.00 | 146.00 | OK | |
r-oldrel-macos-arm64 | 0.0.3 | 47.00 | NOTE | |||
r-oldrel-macos-x86_64 | 0.0.3 | 56.00 | NOTE | |||
r-oldrel-windows-x86_64 | 0.0.3 | 75.00 | 100.00 | 175.00 | OK |
Version: 0.0.3
Check: CRAN incoming feasibility
Result: NOTE
Maintainer: ‘Johann Gaebler <me@jgaeb.com>’
The Description field contains
Disparate Impact" Jung et al. (2024) <arXiv:1809.05651>.
Please refer to arXiv e-prints via their arXiv DOI <doi:10.48550/arXiv.YYMM.NNNNN>.
Flavors: r-devel-linux-x86_64-debian-clang, r-devel-linux-x86_64-debian-gcc
Version: 0.0.3
Check: installed package size
Result: NOTE
installed size is 8.9Mb
sub-directories of 1Mb or more:
libs 8.7Mb
Flavors: r-oldrel-macos-arm64, r-oldrel-macos-x86_64