Last updated on 2025-05-19 19:50:53 CEST.
Flavor | Version | Tinstall | Tcheck | Ttotal | Status | Flags |
---|---|---|---|---|---|---|
r-devel-linux-x86_64-debian-clang | 0.1.4 | 10.90 | 101.68 | 112.58 | NOTE | |
r-devel-linux-x86_64-debian-gcc | 0.1.4 | 6.12 | 73.54 | 79.66 | NOTE | |
r-devel-linux-x86_64-fedora-clang | 0.1.4 | 182.67 | OK | |||
r-devel-linux-x86_64-fedora-gcc | 0.1.4 | 188.81 | OK | |||
r-devel-windows-x86_64 | 0.1.4 | 13.00 | 190.00 | 203.00 | NOTE | |
r-patched-linux-x86_64 | 0.1.4 | 14.62 | 94.11 | 108.73 | NOTE | |
r-release-linux-x86_64 | 0.1.4 | 10.00 | 93.96 | 103.96 | NOTE | |
r-release-macos-arm64 | 0.1.4 | 59.00 | OK | |||
r-release-macos-x86_64 | 0.1.4 | 110.00 | OK | |||
r-release-windows-x86_64 | 0.1.4 | 16.00 | 175.00 | 191.00 | NOTE | |
r-oldrel-macos-arm64 | 0.1.4 | 57.00 | NOTE | |||
r-oldrel-macos-x86_64 | 0.1.4 | 84.00 | NOTE | |||
r-oldrel-windows-x86_64 | 0.1.4 | 16.00 | 184.00 | 200.00 | NOTE |
Version: 0.1.4
Check: Rd cross-references
Result: NOTE
Found the following Rd file(s) with Rd \link{} targets missing package
anchors:
dfp_auth.Rd: Token-class
Please provide package anchors for all Rd \link{} targets not in the
package itself and the base packages.
Flavors: r-devel-linux-x86_64-debian-clang, r-devel-linux-x86_64-debian-gcc, r-devel-windows-x86_64, r-patched-linux-x86_64, r-release-linux-x86_64, r-release-windows-x86_64
Version: 0.1.4
Check: LazyData
Result: NOTE
'LazyData' is specified without a 'data' directory
Flavors: r-oldrel-macos-arm64, r-oldrel-macos-x86_64, r-oldrel-windows-x86_64