Last updated on 2025-05-19 19:50:54 CEST.
Flavor | Version | Tinstall | Tcheck | Ttotal | Status | Flags |
---|---|---|---|---|---|---|
r-devel-linux-x86_64-debian-clang | 1.1.1 | 108.40 | 94.91 | 203.31 | NOTE | |
r-devel-linux-x86_64-debian-gcc | 1.1.1 | 80.18 | 67.73 | 147.91 | NOTE | |
r-devel-linux-x86_64-fedora-clang | 1.1.1 | 348.29 | NOTE | |||
r-devel-linux-x86_64-fedora-gcc | 1.1.1 | 361.69 | NOTE | |||
r-devel-windows-x86_64 | 1.1.1 | 122.00 | 128.00 | 250.00 | NOTE | |
r-patched-linux-x86_64 | 1.1.1 | 100.68 | 88.74 | 189.42 | NOTE | |
r-release-linux-x86_64 | 1.1.1 | 103.00 | 88.97 | 191.97 | NOTE | |
r-release-macos-arm64 | 1.1.1 | 79.00 | NOTE | |||
r-release-macos-x86_64 | 1.1.1 | 112.00 | NOTE | |||
r-release-windows-x86_64 | 1.1.1 | 117.00 | 121.00 | 238.00 | NOTE | |
r-oldrel-macos-arm64 | 1.1.1 | 87.00 | NOTE | |||
r-oldrel-macos-x86_64 | 1.1.1 | 94.00 | NOTE | |||
r-oldrel-windows-x86_64 | 1.1.1 | 143.00 | 139.00 | 282.00 | NOTE |
Version: 1.1.1
Check: CRAN incoming feasibility
Result: NOTE
Maintainer: ‘Sy Han Chiou <schiou@utdallas.edu>’
The Description field contains
methods can be found in Sun et al. (2019) <arXiv:1809.05627>.
Please refer to arXiv e-prints via their arXiv DOI <doi:10.48550/arXiv.YYMM.NNNNN>.
Flavors: r-devel-linux-x86_64-debian-clang, r-devel-linux-x86_64-debian-gcc
Version: 1.1.1
Check: C++ specification
Result: NOTE
Specified C++11: please drop specification unless essential
Flavors: r-devel-linux-x86_64-debian-clang, r-devel-linux-x86_64-debian-gcc, r-devel-linux-x86_64-fedora-clang, r-devel-linux-x86_64-fedora-gcc, r-devel-windows-x86_64, r-patched-linux-x86_64, r-release-linux-x86_64, r-release-macos-arm64, r-release-macos-x86_64, r-release-windows-x86_64, r-oldrel-macos-arm64, r-oldrel-macos-x86_64, r-oldrel-windows-x86_64
Version: 1.1.1
Check: installed package size
Result: NOTE
installed size is 6.7Mb
sub-directories of 1Mb or more:
libs 6.5Mb
Flavors: r-oldrel-macos-arm64, r-oldrel-macos-x86_64