CRAN Package Check Results for Package rockr

Last updated on 2025-05-19 19:50:54 CEST.

Flavor Version Tinstall Tcheck Ttotal Status Flags
r-devel-linux-x86_64-debian-clang 1.0.0 2.45 27.77 30.22 OK
r-devel-linux-x86_64-debian-gcc 1.0.0 1.78 21.82 23.60 OK
r-devel-linux-x86_64-fedora-clang 1.0.0 46.45 NOTE
r-devel-linux-x86_64-fedora-gcc 1.0.0 44.32 NOTE
r-devel-windows-x86_64 1.0.0 5.00 66.00 71.00 OK
r-patched-linux-x86_64 1.0.0 3.24 26.30 29.54 OK
r-release-linux-x86_64 1.0.0 2.45 26.07 28.52 OK
r-release-macos-arm64 1.0.0 38.00 OK
r-release-macos-x86_64 1.0.0 32.00 OK
r-release-windows-x86_64 1.0.0 5.00 68.00 73.00 OK
r-oldrel-macos-arm64 1.0.0 18.00 NOTE
r-oldrel-macos-x86_64 1.0.0 27.00 NOTE
r-oldrel-windows-x86_64 1.0.0 6.00 62.00 68.00 NOTE

Check Details

Version: 1.0.0
Check: dependencies in R code
Result: NOTE Namespace in Imports field not imported from: ‘progress’ All declared Imports should be used. Flavors: r-devel-linux-x86_64-fedora-clang, r-devel-linux-x86_64-fedora-gcc

Version: 1.0.0
Check: LazyData
Result: NOTE 'LazyData' is specified without a 'data' directory Flavors: r-oldrel-macos-arm64, r-oldrel-macos-x86_64, r-oldrel-windows-x86_64