Last updated on 2025-05-19 19:50:54 CEST.
Flavor | Version | Tinstall | Tcheck | Ttotal | Status | Flags |
---|---|---|---|---|---|---|
r-devel-linux-x86_64-debian-clang | 1.0 | 2.23 | 43.78 | 46.01 | NOTE | |
r-devel-linux-x86_64-debian-gcc | 1.0 | 1.77 | 32.52 | 34.29 | NOTE | |
r-devel-linux-x86_64-fedora-clang | 1.0 | 71.65 | NOTE | |||
r-devel-linux-x86_64-fedora-gcc | 1.0 | 82.84 | NOTE | |||
r-devel-windows-x86_64 | 1.0 | 5.00 | 70.00 | 75.00 | OK | |
r-patched-linux-x86_64 | 1.0 | 2.44 | 42.48 | 44.92 | OK | |
r-release-linux-x86_64 | 1.0 | 1.81 | 41.99 | 43.80 | OK | |
r-release-macos-arm64 | 1.0 | 36.00 | OK | |||
r-release-macos-x86_64 | 1.0 | 80.00 | OK | |||
r-release-windows-x86_64 | 1.0 | 3.00 | 66.00 | 69.00 | OK | |
r-oldrel-macos-arm64 | 1.0 | 31.00 | NOTE | |||
r-oldrel-macos-x86_64 | 1.0 | 50.00 | NOTE | |||
r-oldrel-windows-x86_64 | 1.0 | 3.00 | 72.00 | 75.00 | NOTE |
Version: 1.0
Check: CRAN incoming feasibility
Result: NOTE
Maintainer: ‘Gregory Hunt <ghunt@wm.edu>’
Package CITATION file contains call(s) to old-style personList() or
as.personList(). Please use c() on person objects instead.
Package CITATION file contains call(s) to old-style citEntry(). Please
use bibentry() instead.
Flavors: r-devel-linux-x86_64-debian-clang, r-devel-linux-x86_64-debian-gcc
Version: 1.0
Check: dependencies in R code
Result: NOTE
Namespace in Imports field not imported from: ‘abind’
All declared Imports should be used.
Flavors: r-devel-linux-x86_64-fedora-clang, r-devel-linux-x86_64-fedora-gcc
Version: 1.0
Check: LazyData
Result: NOTE
'LazyData' is specified without a 'data' directory
Flavors: r-oldrel-macos-arm64, r-oldrel-macos-x86_64, r-oldrel-windows-x86_64