CRAN Package Check Results for Package rvmethod

Last updated on 2025-05-19 19:50:54 CEST.

Flavor Version Tinstall Tcheck Ttotal Status Flags
r-devel-linux-x86_64-debian-clang 0.1.2 3.18 33.04 36.22 NOTE
r-devel-linux-x86_64-debian-gcc 0.1.2 1.66 23.99 25.65 NOTE
r-devel-linux-x86_64-fedora-clang 0.1.2 56.87 NOTE
r-devel-linux-x86_64-fedora-gcc 0.1.2 56.19 NOTE
r-devel-windows-x86_64 0.1.2 5.00 61.00 66.00 NOTE
r-patched-linux-x86_64 0.1.2 3.24 32.55 35.79 NOTE
r-release-linux-x86_64 0.1.2 2.59 31.83 34.42 NOTE
r-release-macos-arm64 0.1.2 21.00 NOTE
r-release-macos-x86_64 0.1.2 37.00 NOTE
r-release-windows-x86_64 0.1.2 4.00 59.00 63.00 NOTE
r-oldrel-macos-arm64 0.1.2 21.00 NOTE
r-oldrel-macos-x86_64 0.1.2 29.00 NOTE
r-oldrel-windows-x86_64 0.1.2 3.00 64.00 67.00 NOTE

Check Details

Version: 0.1.2
Check: CRAN incoming feasibility
Result: NOTE Maintainer: ‘Parker Holzer <parker.holzer@yale.edu>’ No Authors@R field in DESCRIPTION. Please add one, modifying Authors@R: person(given = "Parker", family = "Holzer", role = c("aut", "cre"), email = "parker.holzer@yale.edu") as necessary. The Description field contains <arXiv:2005.14083>, which is a particular application of the radial al. (2020) <arXiv:2005.14083> when publishing results that use this Please refer to arXiv e-prints via their arXiv DOI <doi:10.48550/arXiv.YYMM.NNNNN>. Flavors: r-devel-linux-x86_64-debian-clang, r-devel-linux-x86_64-debian-gcc

Version: 0.1.2
Check: package subdirectories
Result: NOTE Problems with news in ‘NEWS.md’: No news entries found. Flavors: r-devel-linux-x86_64-debian-clang, r-devel-linux-x86_64-debian-gcc, r-devel-linux-x86_64-fedora-clang, r-devel-linux-x86_64-fedora-gcc, r-devel-windows-x86_64, r-patched-linux-x86_64, r-release-linux-x86_64, r-release-macos-arm64, r-release-macos-x86_64, r-release-windows-x86_64, r-oldrel-macos-arm64, r-oldrel-macos-x86_64, r-oldrel-windows-x86_64