CRAN Package Check Results for Package selcorr

Last updated on 2025-05-19 19:50:55 CEST.

Flavor Version Tinstall Tcheck Ttotal Status Flags
r-devel-linux-x86_64-debian-clang 1.0 1.71 18.43 20.14 NOTE
r-devel-linux-x86_64-debian-gcc 1.0 1.32 14.72 16.04 NOTE
r-devel-linux-x86_64-fedora-clang 1.0 31.63 NOTE
r-devel-linux-x86_64-fedora-gcc 1.0 29.43 NOTE
r-devel-windows-x86_64 1.0 4.00 44.00 48.00 NOTE
r-patched-linux-x86_64 1.0 1.82 17.78 19.60 NOTE
r-release-linux-x86_64 1.0 1.78 17.67 19.45 NOTE
r-release-macos-arm64 1.0 17.00 NOTE
r-release-macos-x86_64 1.0 23.00 NOTE
r-release-windows-x86_64 1.0 3.00 45.00 48.00 NOTE
r-oldrel-macos-arm64 1.0 14.00 OK
r-oldrel-macos-x86_64 1.0 21.00 OK
r-oldrel-windows-x86_64 1.0 3.00 41.00 44.00 OK

Check Details

Version: 1.0
Check: DESCRIPTION meta-information
Result: NOTE Missing dependency on R >= 4.1.0 because package code uses the pipe |> or function shorthand \(...) syntax added in R 4.1.0. File(s) using such syntax: ‘selcorr.R’ Flavors: r-devel-linux-x86_64-debian-clang, r-devel-linux-x86_64-debian-gcc, r-devel-linux-x86_64-fedora-clang, r-devel-linux-x86_64-fedora-gcc, r-devel-windows-x86_64, r-patched-linux-x86_64, r-release-linux-x86_64, r-release-macos-arm64, r-release-macos-x86_64, r-release-windows-x86_64

Version: 1.0
Check: dependencies in R code
Result: NOTE Namespace in Imports field not imported from: ‘MASS’ All declared Imports should be used. Flavors: r-devel-linux-x86_64-fedora-clang, r-devel-linux-x86_64-fedora-gcc