Last updated on 2025-05-19 19:50:56 CEST.
Flavor | Version | Tinstall | Tcheck | Ttotal | Status | Flags |
---|---|---|---|---|---|---|
r-devel-linux-x86_64-debian-clang | 0.3.0 | 4.75 | 130.18 | 134.93 | OK | |
r-devel-linux-x86_64-debian-gcc | 0.3.0 | 3.89 | 90.78 | 94.67 | OK | |
r-devel-linux-x86_64-fedora-clang | 0.4.1 | 209.38 | OK | |||
r-devel-linux-x86_64-fedora-gcc | 0.4.1 | 217.30 | OK | |||
r-devel-windows-x86_64 | 0.3.0 | 9.00 | 163.00 | 172.00 | OK | |
r-patched-linux-x86_64 | 0.3.0 | 5.68 | 123.51 | 129.19 | OK | |
r-release-linux-x86_64 | 0.3.0 | 5.08 | 123.18 | 128.26 | OK | |
r-release-macos-arm64 | 0.3.0 | 471.00 | OK | |||
r-release-macos-x86_64 | 0.3.0 | 452.00 | OK | |||
r-release-windows-x86_64 | 0.3.0 | 9.00 | 155.00 | 164.00 | OK | |
r-oldrel-macos-arm64 | 0.4.1 | 370.00 | ERROR | |||
r-oldrel-macos-x86_64 | 0.3.0 | 467.00 | OK | |||
r-oldrel-windows-x86_64 | 0.3.0 | 10.00 | 182.00 | 192.00 | OK |
Version: 0.4.1
Check: PDF version of manual
Result: WARN
LaTeX errors when creating PDF version.
This typically indicates Rd problems.
LaTeX errors found:
! I can't write on file `Rd2.out'.
<to be read again>
\relax
l.8 \begin{document}
! Emergency stop.
<to be read again>
\relax
l.8 \begin{document}
! ==> Fatal error occurred, no output PDF file produced!
Flavor: r-oldrel-macos-arm64
Version: 0.4.1
Check: PDF version of manual without index
Result: ERROR
Re-running with no redirection of stdout/stderr.
Flavor: r-oldrel-macos-arm64