CRAN Package Check Results for Package shinyservicebot

Last updated on 2025-05-19 19:50:56 CEST.

Flavor Version Tinstall Tcheck Ttotal Status Flags
r-devel-linux-x86_64-debian-clang 0.1.0 2.40 29.37 31.77 OK
r-devel-linux-x86_64-debian-gcc 0.1.0 1.94 23.34 25.28 OK
r-devel-linux-x86_64-fedora-clang 0.1.0 48.80 OK
r-devel-linux-x86_64-fedora-gcc 0.1.0 63.36 OK
r-devel-windows-x86_64 0.1.0 6.00 64.00 70.00 OK
r-patched-linux-x86_64 0.1.0 2.57 27.28 29.85 OK
r-release-linux-x86_64 0.1.0 2.49 27.19 29.68 OK
r-release-macos-arm64 0.1.0 29.00 OK
r-release-macos-x86_64 0.1.0 58.00 OK
r-release-windows-x86_64 0.1.0 5.00 62.00 67.00 OK
r-oldrel-macos-arm64 0.1.0 30.00 NOTE
r-oldrel-macos-x86_64 0.1.0 38.00 NOTE
r-oldrel-windows-x86_64 0.1.0 5.00 58.00 63.00 NOTE

Check Details

Version: 0.1.0
Check: LazyData
Result: NOTE 'LazyData' is specified without a 'data' directory Flavors: r-oldrel-macos-arm64, r-oldrel-macos-x86_64, r-oldrel-windows-x86_64