Last updated on 2025-05-19 07:50:01 CEST.
Flavor | Version | Tinstall | Tcheck | Ttotal | Status | Flags |
---|---|---|---|---|---|---|
r-devel-linux-x86_64-debian-clang | 0.7.1 | 7.37 | 97.99 | 105.36 | NOTE | |
r-devel-linux-x86_64-debian-gcc | 0.7.1 | 4.32 | 67.99 | 72.31 | NOTE | |
r-devel-linux-x86_64-fedora-clang | 0.7.1 | 163.10 | NOTE | |||
r-devel-linux-x86_64-fedora-gcc | 0.7.1 | 162.69 | NOTE | |||
r-devel-windows-x86_64 | 0.7.1 | 9.00 | 120.00 | 129.00 | NOTE | |
r-patched-linux-x86_64 | 0.7.1 | 7.67 | 89.64 | 97.31 | NOTE | |
r-release-linux-x86_64 | 0.7.1 | 7.21 | 89.92 | 97.13 | NOTE | |
r-release-macos-arm64 | 0.7.1 | 54.00 | NOTE | |||
r-release-macos-x86_64 | 0.7.1 | 89.00 | NOTE | |||
r-release-windows-x86_64 | 0.7.1 | 12.00 | 115.00 | 127.00 | NOTE | |
r-oldrel-macos-arm64 | 0.7.1 | 51.00 | NOTE | |||
r-oldrel-macos-x86_64 | 0.7.1 | 82.00 | NOTE | |||
r-oldrel-windows-x86_64 | 0.7.1 | 12.00 | 133.00 | 145.00 | NOTE |
Version: 0.7.1
Check: Rd files
Result: NOTE
checkRd: (-1) inlandwaters.Rd:14: Lost braces in \itemize; meant \describe ?
checkRd: (-1) inlandwaters.Rd:15: Lost braces in \itemize; meant \describe ?
checkRd: (-1) inlandwaters.Rd:16: Lost braces in \itemize; meant \describe ?
checkRd: (-1) inlandwaters.Rd:17: Lost braces in \itemize; meant \describe ?
checkRd: (-1) inlandwaters.Rd:18: Lost braces in \itemize; meant \describe ?
checkRd: (-1) inlandwaters.Rd:19: Lost braces in \itemize; meant \describe ?
Flavors: r-devel-linux-x86_64-debian-clang, r-devel-linux-x86_64-debian-gcc, r-devel-linux-x86_64-fedora-clang, r-devel-linux-x86_64-fedora-gcc, r-devel-windows-x86_64, r-patched-linux-x86_64, r-release-linux-x86_64, r-release-macos-arm64, r-release-macos-x86_64, r-release-windows-x86_64, r-oldrel-macos-arm64, r-oldrel-macos-x86_64, r-oldrel-windows-x86_64