Last updated on 2025-05-19 19:50:56 CEST.
Flavor | Version | Tinstall | Tcheck | Ttotal | Status | Flags |
---|---|---|---|---|---|---|
r-devel-linux-x86_64-debian-clang | 0.2.0 | 6.22 | 51.08 | 57.30 | OK | |
r-devel-linux-x86_64-debian-gcc | 0.2.0 | 4.66 | 36.90 | 41.56 | OK | |
r-devel-linux-x86_64-fedora-clang | 0.2.0 | 88.33 | NOTE | |||
r-devel-linux-x86_64-fedora-gcc | 0.2.0 | 83.41 | NOTE | |||
r-devel-windows-x86_64 | 0.2.0 | 11.00 | 71.00 | 82.00 | OK | |
r-patched-linux-x86_64 | 0.2.0 | 6.68 | 46.51 | 53.19 | OK | |
r-release-linux-x86_64 | 0.2.0 | 6.81 | 46.39 | 53.20 | OK | |
r-release-macos-arm64 | 0.2.0 | 30.00 | OK | |||
r-release-macos-x86_64 | 0.2.0 | 49.00 | OK | |||
r-release-windows-x86_64 | 0.2.0 | 9.00 | 71.00 | 80.00 | OK | |
r-oldrel-macos-arm64 | 0.2.0 | 29.00 | NOTE | |||
r-oldrel-macos-x86_64 | 0.2.0 | 49.00 | NOTE | |||
r-oldrel-windows-x86_64 | 0.2.0 | 10.00 | 76.00 | 86.00 | NOTE |
Version: 0.2.0
Check: dependencies in R code
Result: NOTE
Namespace in Imports field not imported from: ‘stringi’
All declared Imports should be used.
Flavors: r-devel-linux-x86_64-fedora-clang, r-devel-linux-x86_64-fedora-gcc
Version: 0.2.0
Check: LazyData
Result: NOTE
'LazyData' is specified without a 'data' directory
Flavors: r-oldrel-macos-arm64, r-oldrel-macos-x86_64, r-oldrel-windows-x86_64