Last updated on 2025-05-19 19:50:58 CEST.
Flavor | Version | Tinstall | Tcheck | Ttotal | Status | Flags |
---|---|---|---|---|---|---|
r-devel-linux-x86_64-debian-clang | 0.9-54 | 4.80 | 36.69 | 41.49 | NOTE | |
r-devel-linux-x86_64-debian-gcc | 0.9-54 | 3.75 | 29.11 | 32.86 | NOTE | |
r-devel-linux-x86_64-fedora-clang | 0.9-54 | 67.86 | OK | |||
r-devel-linux-x86_64-fedora-gcc | 0.9-54 | 66.38 | OK | |||
r-devel-windows-x86_64 | 0.9-54 | 6.00 | 67.00 | 73.00 | OK | |
r-patched-linux-x86_64 | 0.9-54 | 4.56 | 35.39 | 39.95 | OK | |
r-release-linux-x86_64 | 0.9-54 | 4.54 | 35.42 | 39.96 | OK | |
r-release-macos-arm64 | 0.9-54 | 37.00 | OK | |||
r-release-macos-x86_64 | 0.9-54 | 44.00 | OK | |||
r-release-windows-x86_64 | 0.9-54 | 6.00 | 68.00 | 74.00 | OK | |
r-oldrel-macos-arm64 | 0.9-54 | 29.00 | OK | |||
r-oldrel-macos-x86_64 | 0.9-54 | 37.00 | OK | |||
r-oldrel-windows-x86_64 | 0.9-54 | 5.00 | 60.00 | 65.00 | OK |
Version: 0.9-54
Check: CRAN incoming feasibility
Result: NOTE
Maintainer: ‘Philippe Grosjean <phgrosjean@sciviews.org>’
Package CITATION file contains call(s) to old-style personList() or
as.personList(). Please use c() on person objects instead.
Package CITATION file contains call(s) to old-style citEntry(). Please
use bibentry() instead.
Found the following \keyword or \concept entries
which likely give several index terms:
File ‘createSyntaxFile.Rd’:
\concept{ Syntax highlighting, code coloring }
File ‘guiDDEInstall.Rd’:
\concept{ Interprocess DDE communication, call tip [TRUNCATED]
File ‘svIDE-package.Rd’:
\concept{ GUI API IDE and code editor, language sy [TRUNCATED]
Flavors: r-devel-linux-x86_64-debian-clang, r-devel-linux-x86_64-debian-gcc