CRAN Package Check Results for Package tabit

Last updated on 2025-05-19 19:50:58 CEST.

Flavor Version Tinstall Tcheck Ttotal Status Flags
r-devel-linux-x86_64-debian-clang 0.2.1 1.64 20.19 21.83 OK
r-devel-linux-x86_64-debian-gcc 0.2.1 1.27 16.59 17.86 OK
r-devel-linux-x86_64-fedora-clang 0.2.1 33.61 OK
r-devel-linux-x86_64-fedora-gcc 0.2.1 30.77 OK
r-devel-windows-x86_64 0.2.1 3.00 49.00 52.00 OK
r-patched-linux-x86_64 0.2.1 1.59 18.06 19.65 OK
r-release-linux-x86_64 0.2.1 1.59 18.15 19.74 OK
r-release-macos-arm64 0.2.1 15.00 OK
r-release-macos-x86_64 0.2.1 25.00 OK
r-release-windows-x86_64 0.2.1 3.00 45.00 48.00 OK
r-oldrel-macos-arm64 0.2.1 15.00 NOTE
r-oldrel-macos-x86_64 0.2.1 21.00 NOTE
r-oldrel-windows-x86_64 0.2.1 4.00 49.00 53.00 NOTE

Check Details

Version: 0.2.1
Check: LazyData
Result: NOTE 'LazyData' is specified without a 'data' directory Flavors: r-oldrel-macos-arm64, r-oldrel-macos-x86_64, r-oldrel-windows-x86_64