CRAN Package Check Results for Package tmpm

Last updated on 2025-05-19 19:50:59 CEST.

Flavor Version Tinstall Tcheck Ttotal Status Flags
r-devel-linux-x86_64-debian-clang 1.0.3 3.26 27.18 30.44 NOTE
r-devel-linux-x86_64-debian-gcc 1.0.3 2.59 21.53 24.12 NOTE
r-devel-linux-x86_64-fedora-clang 1.0.3 48.11 OK
r-devel-linux-x86_64-fedora-gcc 1.0.3 45.55 OK
r-devel-windows-x86_64 1.0.3 5.00 55.00 60.00 OK
r-patched-linux-x86_64 1.0.3 3.12 26.47 29.59 OK
r-release-linux-x86_64 1.0.3 3.13 26.11 29.24 OK
r-release-macos-arm64 1.0.3 23.00 OK
r-release-macos-x86_64 1.0.3 31.00 OK
r-release-windows-x86_64 1.0.3 5.00 52.00 57.00 OK
r-oldrel-macos-arm64 1.0.3 18.00 NOTE
r-oldrel-macos-x86_64 1.0.3 27.00 NOTE
r-oldrel-windows-x86_64 1.0.3 5.00 51.00 56.00 NOTE

Check Details

Version: 1.0.3
Check: CRAN incoming feasibility
Result: NOTE Maintainer: ‘Cody Moore <Jumper9400@gmail.com>’ No Authors@R field in DESCRIPTION. Please add one, modifying Authors@R: person(given = "Cody", family = "Moore", role = c("aut", "cre"), email = "jumper9400@gmail.com") as necessary. Flavors: r-devel-linux-x86_64-debian-clang, r-devel-linux-x86_64-debian-gcc

Version: 1.0.3
Check: LazyData
Result: NOTE 'LazyData' is specified without a 'data' directory Flavors: r-oldrel-macos-arm64, r-oldrel-macos-x86_64, r-oldrel-windows-x86_64