Last updated on 2025-05-19 07:50:04 CEST.
Flavor | Version | Tinstall | Tcheck | Ttotal | Status | Flags |
---|---|---|---|---|---|---|
r-devel-linux-x86_64-debian-clang | 0.2.1 | 6.51 | 53.05 | 59.56 | NOTE | |
r-devel-linux-x86_64-debian-gcc | 0.2.1 | 4.27 | 38.30 | 42.57 | NOTE | |
r-devel-linux-x86_64-fedora-clang | 0.2.1 | 91.74 | NOTE | |||
r-devel-linux-x86_64-fedora-gcc | 0.2.1 | 101.04 | NOTE | |||
r-devel-windows-x86_64 | 0.2.1 | 8.00 | 81.00 | 89.00 | NOTE | |
r-patched-linux-x86_64 | 0.2.1 | 5.63 | 47.35 | 52.98 | NOTE | |
r-release-linux-x86_64 | 0.2.1 | 5.50 | 47.67 | 53.17 | NOTE | |
r-release-macos-arm64 | 0.2.1 | 34.00 | NOTE | |||
r-release-macos-x86_64 | 0.2.1 | 81.00 | NOTE | |||
r-release-windows-x86_64 | 0.2.1 | 8.00 | 75.00 | 83.00 | NOTE | |
r-oldrel-macos-arm64 | 0.2.1 | 34.00 | OK | |||
r-oldrel-macos-x86_64 | 0.2.1 | 52.00 | OK | |||
r-oldrel-windows-x86_64 | 0.2.1 | 9.00 | 80.00 | 89.00 | OK |
Version: 0.2.1
Check: DESCRIPTION meta-information
Result: NOTE
Missing dependency on R >= 4.1.0 because package code uses the pipe
|> or function shorthand \(...) syntax added in R 4.1.0.
File(s) using such syntax:
‘Get_time_entries.R’
Flavors: r-devel-linux-x86_64-debian-clang, r-devel-linux-x86_64-debian-gcc, r-devel-linux-x86_64-fedora-clang, r-devel-linux-x86_64-fedora-gcc, r-devel-windows-x86_64, r-patched-linux-x86_64, r-release-linux-x86_64, r-release-macos-arm64, r-release-macos-x86_64, r-release-windows-x86_64