Last updated on 2025-05-19 19:51:00 CEST.
Flavor | Version | Tinstall | Tcheck | Ttotal | Status | Flags |
---|---|---|---|---|---|---|
r-devel-linux-x86_64-debian-clang | 0.8-7 | 17.40 | 67.21 | 84.61 | OK | |
r-devel-linux-x86_64-debian-gcc | 0.8-7 | 12.84 | 49.92 | 62.76 | OK | |
r-devel-linux-x86_64-fedora-clang | 0.8-7 | 136.94 | OK | |||
r-devel-linux-x86_64-fedora-gcc | 0.8-7 | 151.74 | OK | |||
r-devel-windows-x86_64 | 0.8-7 | 23.00 | 127.00 | 150.00 | OK | |
r-patched-linux-x86_64 | 0.8-7 | 17.18 | 64.18 | 81.36 | OK | |
r-release-linux-x86_64 | 0.8-7 | 16.58 | 64.58 | 81.16 | OK | |
r-release-macos-arm64 | 0.8-7 | 47.00 | OK | |||
r-release-macos-x86_64 | 0.8-7 | 105.00 | OK | |||
r-release-windows-x86_64 | 0.8-7 | 14.00 | 6.00 | 20.00 | ERROR | |
r-oldrel-macos-arm64 | 0.8-7 | 98.00 | OK | |||
r-oldrel-macos-x86_64 | 0.8-7 | 174.00 | OK | |||
r-oldrel-windows-x86_64 | 0.8-7 | 19.00 | 132.00 | 151.00 | OK |
Version: 0.8-7
Check: whether package can be installed
Result: ERROR
Installation failed.
Flavor: r-release-windows-x86_64