Last updated on 2025-05-19 19:51:00 CEST.
Flavor | Version | Tinstall | Tcheck | Ttotal | Status | Flags |
---|---|---|---|---|---|---|
r-devel-linux-x86_64-debian-clang | 0.1.1 | 1.58 | 18.16 | 19.74 | NOTE | |
r-devel-linux-x86_64-debian-gcc | 0.1.1 | 1.33 | 15.14 | 16.47 | NOTE | |
r-devel-linux-x86_64-fedora-clang | 0.1.1 | 31.27 | NOTE | |||
r-devel-linux-x86_64-fedora-gcc | 0.1.1 | 31.10 | NOTE | |||
r-devel-windows-x86_64 | 0.1.1 | 2.00 | 42.00 | 44.00 | NOTE | |
r-patched-linux-x86_64 | 0.1.1 | 1.65 | 17.42 | 19.07 | NOTE | |
r-release-linux-x86_64 | 0.1.1 | 1.64 | 17.59 | 19.23 | NOTE | |
r-release-macos-arm64 | 0.1.1 | 16.00 | NOTE | |||
r-release-macos-x86_64 | 0.1.1 | 22.00 | NOTE | |||
r-release-windows-x86_64 | 0.1.1 | 2.00 | 53.00 | 55.00 | NOTE | |
r-oldrel-macos-arm64 | 0.1.1 | 14.00 | NOTE | |||
r-oldrel-macos-x86_64 | 0.1.1 | 20.00 | NOTE | |||
r-oldrel-windows-x86_64 | 0.1.1 | 3.00 | 47.00 | 50.00 | NOTE |
Version: 0.1.1
Check: Rd files
Result: NOTE
checkRd: (-1) vietnamcode.Rd:28: Lost braces in \itemize; meant \describe ?
checkRd: (-1) vietnamcode.Rd:29: Lost braces in \itemize; meant \describe ?
checkRd: (-1) vietnamcode_data.Rd:10: Lost braces in \itemize; meant \describe ?
checkRd: (-1) vietnamcode_data.Rd:11: Lost braces in \itemize; meant \describe ?
checkRd: (-1) vietnamcode_data.Rd:12: Lost braces in \itemize; meant \describe ?
checkRd: (-1) vietnamcode_data.Rd:13: Lost braces in \itemize; meant \describe ?
checkRd: (-1) vietnamcode_data.Rd:14: Lost braces in \itemize; meant \describe ?
checkRd: (-1) vietnamcode_data.Rd:15: Lost braces in \itemize; meant \describe ?
checkRd: (-1) vietnamcode_data.Rd:16: Lost braces in \itemize; meant \describe ?
Flavors: r-devel-linux-x86_64-debian-clang, r-devel-linux-x86_64-debian-gcc, r-devel-linux-x86_64-fedora-clang, r-devel-linux-x86_64-fedora-gcc, r-devel-windows-x86_64, r-patched-linux-x86_64, r-release-linux-x86_64, r-release-macos-arm64, r-release-macos-x86_64, r-release-windows-x86_64, r-oldrel-macos-arm64, r-oldrel-macos-x86_64, r-oldrel-windows-x86_64