Last updated on 2025-05-19 19:51:01 CEST.
Flavor | Version | Tinstall | Tcheck | Ttotal | Status | Flags |
---|---|---|---|---|---|---|
r-devel-linux-x86_64-debian-clang | 0.6.2 | 6.42 | 54.60 | 61.02 | NOTE | |
r-devel-linux-x86_64-debian-gcc | 0.6.2 | 4.46 | 40.53 | 44.99 | NOTE | |
r-devel-linux-x86_64-fedora-clang | 0.6.2 | 97.42 | OK | |||
r-devel-linux-x86_64-fedora-gcc | 0.6.2 | 90.68 | OK | |||
r-devel-windows-x86_64 | 0.6.2 | 7.00 | 92.00 | 99.00 | OK | |
r-patched-linux-x86_64 | 0.6.2 | 5.34 | 51.97 | 57.31 | OK | |
r-release-linux-x86_64 | 0.6.2 | 5.61 | 51.75 | 57.36 | OK | |
r-release-macos-arm64 | 0.6.2 | 33.00 | OK | |||
r-release-macos-x86_64 | 0.6.2 | 56.00 | OK | |||
r-release-windows-x86_64 | 0.6.2 | 9.00 | 80.00 | 89.00 | OK | |
r-oldrel-macos-arm64 | 0.6.2 | 31.00 | OK | |||
r-oldrel-macos-x86_64 | 0.6.2 | 47.00 | OK | |||
r-oldrel-windows-x86_64 | 0.6.2 | 11.00 | 87.00 | 98.00 | OK |
Version: 0.6.2
Check: CRAN incoming feasibility
Result: NOTE
Maintainer: ‘Marco Colombo <mar.colombo13@gmail.com>’
Package CITATION file contains call(s) to old-style citEntry(). Please
use bibentry() instead.
Flavors: r-devel-linux-x86_64-debian-clang, r-devel-linux-x86_64-debian-gcc