Last updated on 2025-05-19 19:51:01 CEST.
Flavor | Version | Tinstall | Tcheck | Ttotal | Status | Flags |
---|---|---|---|---|---|---|
r-devel-linux-x86_64-debian-clang | 1.1.0 | 2.90 | 76.06 | 78.96 | NOTE | |
r-devel-linux-x86_64-debian-gcc | 1.1.0 | 2.08 | 50.98 | 53.06 | NOTE | |
r-devel-linux-x86_64-fedora-clang | 1.1.0 | 134.80 | OK | |||
r-devel-linux-x86_64-fedora-gcc | 1.1.0 | 150.43 | OK | |||
r-devel-windows-x86_64 | 1.1.0 | 4.00 | 106.00 | 110.00 | OK | |
r-patched-linux-x86_64 | 1.1.0 | 2.77 | 71.25 | 74.02 | OK | |
r-release-linux-x86_64 | 1.1.0 | 2.77 | 72.40 | 75.17 | OK | |
r-release-macos-arm64 | 1.1.0 | 55.00 | OK | |||
r-release-macos-x86_64 | 1.1.0 | 100.00 | OK | |||
r-release-windows-x86_64 | 1.1.0 | 4.00 | 107.00 | 111.00 | OK | |
r-oldrel-macos-arm64 | 1.1.0 | 43.00 | OK | |||
r-oldrel-macos-x86_64 | 1.1.0 | 75.00 | OK | |||
r-oldrel-windows-x86_64 | 1.1.0 | 5.00 | 114.00 | 119.00 | OK |
Version: 1.1.0
Check: CRAN incoming feasibility
Result: NOTE
Maintainer: ‘Jose M Pozo <josmpozo@gmail.com>’
Package CITATION file contains call(s) to old-style citEntry(). Please
use bibentry() instead.
Flavors: r-devel-linux-x86_64-debian-clang, r-devel-linux-x86_64-debian-gcc